base 2, what is 1111 + -10010001000011111110?
-10010001000011101111
In base 10, what is 24364882 - -1?
24364883
In base 4, what is 30 - 333221112203?
-333221112113
In base 7, what is 440010400 - -4?
440010404
In base 15, what is 4 - 7aa6c8?
-7aa6c4
In base 2, what is 10111100 + 11011101000101111?
11011101011101011
In base 5, what is -20 - -30433343?
30433323
In base 16, what is -4 - -104f1f?
104f1b
In base 15, what is e8a + -241?
c49
In base 16, what is -4822e - -9?
-48225
In base 5, what is 2422331 + -21?
2422310
In base 8, what is -1 - -274051212?
274051211
In base 9, what is -667560 - 22?
-667582
In base 10, what is -347856 + 29?
-347827
In base 3, what is 110222 + 1111001?
1222000
In base 14, what is -4c3c - -130?
-4b0c
In base 2, what is 11100011111 - -10000011000001?
10011111100000
In base 3, what is -12 + -22102111202021?
-22102111202110
In base 7, what is 332044300 - -5?
332044305
In base 12, what is 2 + -25440b2b?
-25440b29
In base 3, what is -121210012111 - 1022?
-121210020210
In base 13, what is -2 - 108b6298?
-108b629a
In base 14, what is 3226c3 - 1?
3226c2
In base 16, what is -1cc - 2aaff?
-2accb
In base 4, what is 1010122321001211 - -10?
1010122321001221
In base 7, what is 41405022 + -1?
41405021
In base 13, what is -795 + -1b067?
-1b82c
In base 16, what is -176c946 + -2?
-176c948
In base 5, what is 3 + 1244043342?
1244043400
In base 13, what is 2 - -a24722?
a24724
In base 7, what is -4 - 1115110515?
-1115110522
In base 15, what is a811 + -5d3?
a22d
In base 7, what is -5 + -44215156?
-44215164
In base 15, what is cd - 14637e?
-1462a1
In base 14, what is -23 - -1dbd00?
1dbcbb
In base 5, what is -3 - -120121132110?
120121132102
In base 3, what is 11020120112 + 1210?
11020122022
In base 3, what is -1012121101 + 102222221?
-202121110
In base 10, what is 14717411 - 4?
14717407
In base 8, what is -10 + 106313666?
106313656
In base 3, what is 12 - -222110101202?
222110101221
In base 5, what is 22 + -12231442424?
-12231442402
In base 8, what is 52125 + 1323?
53450
In base 2, what is 1111 - -1111100101001110101?
1111100101010000100
In base 11, what is 3 + -44641298?
-44641295
In base 16, what is -3 + -13a65?
-13a68
In base 2, what is -101100011 + 11001111110010110?
11001111000110011
In base 9, what is 183241 + -513?
182627
In base 15, what is 692474 - -5a?
6924ce
In base 15, what is 6967 + 195?
6b0c
In base 5, what is -23 - -302332114?
302332041
In base 7, what is -6566224 - -10?
-6566214
In base 10, what is -320 + -47786?
-48106
In base 8, what is 125 - -263537?
263664
In base 6, what is -1 + -50345401?
-50345402
In base 2, what is -10000001000010011011100001 - -111?
-10000001000010011011011010
In base 2, what is 1010 + -101100001011100100111?
-101100001011100011101
In base 13, what is c64 + aa28?
b98c
In base 4, what is 233200233 + -10220?
233130013
In base 2, what is -110101101000011 + 11010000?
-110101001110011
In base 13, what is b483 - ac99?
4b7
In base 8, what is 27410775 + 4?
27411001
In base 10, what is -12 - 495382?
-495394
In base 10, what is 30 - 845760?
-845730
In base 7, what is 613633 + 242?
614205
In base 14, what is -7 - -1062ab2?
1062aa9
In base 12, what is -1 - 38409680?
-38409681
In base 16, what is c + 277d7?
277e3
In base 16, what is -460c9 + 19?
-460b0
In base 3, what is -12 + -220021101110000?
-220021101110012
In base 10, what is 78410919 - -1?
78410920
In base 2, what is 1111111011 - 10001010110010000010?
-10001010100010000111
In base 2, what is -100011101 + 111101111100100?
111101011000111
In base 15, what is -7 - -94d74?
94d6c
In base 12, what is 4 + 13370669?
13370671
In base 7, what is 603460121 + -1?
603460120
In base 15, what is 1ce54b06 + 1?
1ce54b07
In base 12, what is 243a6 + -6547?
19a5b
In base 3, what is 11 - -200201201210211002?
200201201210211020
In base 12, what is 288b32 - 35?
288ab9
In base 2, what is -10011111010100101 - -11000010?
-10011110111100011
In base 15, what is 21998b26 + 0?
21998b26
In base 13, what is 32c9 + -aa7?
2522
In base 3, what is -12 + -12202212001011?
-12202212001100
In base 5, what is 3013021242 - 10?
3013021232
In base 3, what is 10121100100 + 2021?
10121102121
In base 10, what is -35959860 - -4?
-35959856
In base 5, what is 2 - -1104202312110?
1104202312112
In base 2, what is 10111110011010001 + -100010110?
10111101110111011
In base 13, what is 24 - -129581?
1295a5
In base 11, what is -46 + 6934426?
6934390
In base 12, what is 652651 + -22?
65262b
In base 16, what is 4 + 2db0264?
2db0268
In base 12, what is -708087 - 537?
-708602
In base 3, what is -211001011022112100 - 10?
-211001011022112110
In base 12, what is 567 + -49453?
-48aa8
In base 10, what is 108642 - -529?
109171
In base 15, what is 0 + -22ade33?
-22ade33
In base 4, what is 133201221 + 20010?
133221231
In base 8, what is -23526 - 1245?
-24773
In base 8, what is -10522 + -2354?
-13076
In base 10, what is 40495703 - -13?
40495716
In base 12, what is a57a - 270?
a30a
In base 8, what is -156 - -153340?
153162
In base 5, what is 12414111000 + -10?
12414110440
In base 14, what is -2bb5 - 99?
-2c70
In base 10, what is 3 + 10828516?
10828519
In base 6, what is -2042 - 1003310?
-1005352
In base 12, what is -b + 22b31?
22b22
In base 12, what is -381 + 21bb8?
21837
In base 11, what is 2a900 + -1299?
29612
In base 12, what is -703b - -20286?
15247
In base 13, what is -47 - 3914?
-395b
In base 16, what is 0 + 1be5?
1be5
In base 12, what is b00b6566 - -2?
b00b6568
In base 7, what is -10264555 - 23?
-10264611
In base 6, what is -51542255 - 540?
-51543235
In base 2, what is -11000011111 - 111010010111?
-1010010110110
In base 2, what is -11110100110111100 + -101111?
-11110100111101011
In base 16, what is -27733bd + 1?
-27733bc
In base 13, what is 16 - -86ab88?
86aba1
In base 13, what is 12292 - 5155?
a13a
In base 5, what is 120004023 + -24?
120003444
In base 12, what is -1 - 4176273?
-4176274
In base 7, what is -444 - -554043?
553266
In base 3, what is 21010000020010 + 1021?
21010000021101
In base 5, what is 24 + -11133224?
-11133200
In base 4, what is 220211022 - -1223?
220212311
In base 5, what is -20021010 + 2104?
-20013401
In base 8, what is -3550200 - -2?
-3550176
In base 12, what is 822 - 19b6?
-1194
In base 3, what is -1 + -221222221021102?
-221222221021110
In base 16, what is -3ed02 + -96?
-3ed98
In base 15, what is -31 + 31480?
3144e
In base 16, what is -7b228e + 29?
-7b2265
In base 10, what is 23 + -666755?
-666732
In base 8, what is -6305013 + -33?
-6305046
In base 8, what is -10131601 - -4?
-10131575
In base 16, what is 12 - -1b80dd?
1b80ef
In base 5, what is -142014432342 - 10?
-142014432402
In base 14, what is 2b19 - 917?
2202
In base 9, what is 1008 + -6437?
-5428
In base 14, what is 104b00d8 - -2?
104b00da
In base 5, what is -4241 - 12023320?
-12033111
In base 3, what is 12112201022 - 10012?
12112121010
In base 9, what is 434 - -87325?
87760
In base 11, what is 136a863a85 + 4?
136a863a89
In base 5, what is -10440410 + 2044?
-10433311
In base 7, what is 22 + 50642102?
50642124
In base 4, what is 10 - -121001100?
121001110
In base 4, what is -1021330 + -112103?
-1200033
In base 7, what is 115455 + -325001?
-206213
In base 10, what is 3 + 188636100?
188636103
In base 9, what is -1351731 - 3?
-1351734
In base 5, what is 44313230131 - -10?
44313230141
In base 2, what is -100010010100 + -1010000011011010?
-1010100101101110
In base 4, what is -131011310133 - 11?
-131011310210
In base 8, what is 116 + -4231736?
-4231620
In base 6, what is 1313 + -4523221?
-4521504
In base 13, what is -b18463c + -1?
-b184640
In base 16, what is -b4d29b + -3?
-b4d29e
In base 12, what is 5 - -a5a799?
a5a7a2
In base 3, what is 12 + -201000202012010?
-201000202011221
In base 16, what is 1f6d8 - -18b0?
20f88
In base 12, what is 10704b + 150?
10719b
In base 11, what is -73247 + -444?
-73690
In base 10, what is 24514 - 146?
24368
In base 3, what is 120210212121002210 - 1?
120210212121002202
In base 13, what is 1 - -b5a6293?
b5a6294
In base 10, what is -510972 - -1234?
-509738
In base 3, what is -111112 + -222001100011?
-222001211200
In base 4, what is 200022 + 131301?
331323
In base 2, what is 11011 - -1010100010100000001011?
1010100010100000100110
In base 5, what is -2032 + -1200400?
-1202432
In base 8, what is -207564671 - -24?
-207564645